{"id":17680,"date":"2026-09-03T15:30:41","date_gmt":"2026-09-03T13:30:41","guid":{"rendered":"https:\/\/triomusic.de\/produkt\/eva-fenninger-fesche-harfenstueckl"},"modified":"2026-09-03T16:36:50","modified_gmt":"2026-09-03T14:36:50","slug":"eva-fenninger-fesche-harfenstueckl","status":"publish","type":"product","link":"https:\/\/triomusic.de\/en\/produkt\/eva-fenninger-fesche-harfenstueckl","title":{"rendered":"Eva Fenninger &#8211; Fesche Harfenst\u00fcckl"},"content":{"rendered":"<h3>Eva Fenninger (Neuner)<\/h3>\n<h2>Fesche Harfenst\u00fcckl<\/h2>\n<h5>Eight Solo Pieces for Folk Harp and a Landler for Two Harps<\/h5>\n<p>&#8211; Am M\u00fchlberg<br \/>\n&#8211; Beim Besnwirt &#8211; Marsch<br \/>\n&#8211; Gru\u00df an Wonneberg &#8211; Marsch<br \/>\n&#8211; Herbstlaub-Boarischer<br \/>\n&#8211; Hoamgeh<br \/>\n&#8211; H\u00f6llnbach-Polka<br \/>\n&#8211; Mail\u00fcfterl-Boarischer<br \/>\n&#8211; Novemberschnee<br \/>\n&#8211; Waginger Harfenlandler (f\u00fcr zwei Harfen)<\/p>\n<p><iframe loading=\"lazy\" title=\"Eva Fenninger - Beim Besnwirt - Marsch\" width=\"625\" height=\"352\" src=\"https:\/\/www.youtube.com\/embed\/G1j_f7iFnFM?feature=oembed\" frameborder=\"0\" allow=\"accelerometer; autoplay; clipboard-write; encrypted-media; gyroscope; picture-in-picture; web-share\" referrerpolicy=\"strict-origin-when-cross-origin\" allowfullscreen><\/iframe><\/p>\n<p>&nbsp;<\/p>\n<hr \/>\n<p>&nbsp;<\/p>\n","protected":false},"excerpt":{"rendered":"<p>Eva Fenninger (Neuner) Fesche Harfenst\u00fcckl Eight Solo Pieces for Folk Harp and a Landler for Two Harps &#8211; Am M\u00fchlberg &#8211; Beim Besnwirt &#8211; Marsch &#8211; Gru\u00df an Wonneberg &#8211; Marsch &#8211; Herbstlaub-Boarischer &#8211; Hoamgeh &#8211; H\u00f6llnbach-Polka &#8211; Mail\u00fcfterl-Boarischer &#8211; Novemberschnee &#8211; Waginger Harfenlandler (f\u00fcr zwei Harfen) &nbsp; &nbsp;<\/p>\n","protected":false},"featured_media":17678,"template":"","meta":{"iawp_total_views":0},"product_brand":[],"product_cat":[2083,2084,2157,1761,1780,2085],"product_tag":[],"class_list":{"0":"post-17680","1":"product","2":"type-product","3":"status-publish","4":"has-post-thumbnail","6":"product_cat-folk-music","7":"product_cat-mlmusicamedia-en","8":"product_cat-neuner-eva","9":"product_cat-other-ensembles","10":"product_cat-titles-by-authors","11":"product_cat-traditional-alpine-string-music","13":"first","14":"instock","15":"taxable","16":"shipping-taxable","17":"product-type-grouped"},"_links":{"self":[{"href":"https:\/\/triomusic.de\/en\/wp-json\/wp\/v2\/product\/17680","targetHints":{"allow":["GET"]}}],"collection":[{"href":"https:\/\/triomusic.de\/en\/wp-json\/wp\/v2\/product"}],"about":[{"href":"https:\/\/triomusic.de\/en\/wp-json\/wp\/v2\/types\/product"}],"wp:featuredmedia":[{"embeddable":true,"href":"https:\/\/triomusic.de\/en\/wp-json\/wp\/v2\/media\/17678"}],"wp:attachment":[{"href":"https:\/\/triomusic.de\/en\/wp-json\/wp\/v2\/media?parent=17680"}],"wp:term":[{"taxonomy":"product_brand","embeddable":true,"href":"https:\/\/triomusic.de\/en\/wp-json\/wp\/v2\/product_brand?post=17680"},{"taxonomy":"product_cat","embeddable":true,"href":"https:\/\/triomusic.de\/en\/wp-json\/wp\/v2\/product_cat?post=17680"},{"taxonomy":"product_tag","embeddable":true,"href":"https:\/\/triomusic.de\/en\/wp-json\/wp\/v2\/product_tag?post=17680"}],"curies":[{"name":"wp","href":"https:\/\/api.w.org\/{rel}","templated":true}]}}

Eva Fenninger &#8211; Fesche Harfenstückl

<h3>Eva Fenninger (Neuner)</h3>
<h2>Fesche Harfenstückl</h2>
<h5>Eight Solo Pieces for Folk Harp and a Landler for Two Harps</h5>
<p>&#8211; Am Mühlberg<br />
&#8211; Beim Besnwirt &#8211; Marsch<br />
&#8211; Gruß an Wonneberg &#8211; Marsch<br />
&#8211; Herbstlaub-Boarischer<br />
&#8211; Hoamgeh<br />
&#8211; Höllnbach-Polka<br />
&#8211; Mailüfterl-Boarischer<br />
&#8211; Novemberschnee<br />
&#8211; Waginger Harfenlandler (für zwei Harfen)</p>
<p><iframe loading="lazy" title="Eva Fenninger - Beim Besnwirt - Marsch" width="625" height="352" src="https://www.youtube.com/embed/G1j_f7iFnFM?feature=oembed" frameborder="0" allow="accelerometer; autoplay; clipboard-write; encrypted-media; gyroscope; picture-in-picture; web-share" referrerpolicy="strict-origin-when-cross-origin" allowfullscreen></iframe></p>
<p>&nbsp;</p>
<hr />
<p>&nbsp;</p>

<p>Eva Fenninger (Neuner) Fesche Harfenstückl Eight Solo Pieces for Folk Harp and a Landler for Two Harps &#8211; Am Mühlberg &#8211; Beim Besnwirt &#8211; Marsch &#8211; Gruß an Wonneberg &#8211; Marsch &#8211; Herbstlaub-Boarischer &#8211; Hoamgeh &#8211; Höllnbach-Polka &#8211; Mailüfterl-Boarischer &#8211; Novemberschnee &#8211; Waginger Harfenlandler (für zwei Harfen) &nbsp; &nbsp;</p>
