{"id":1608,"date":"2014-07-30T18:09:31","date_gmt":"2014-07-30T16:09:31","guid":{"rendered":"http:\/\/www.trio-musik.com\/triomusik\/?post_type=product&#038;p=1608"},"modified":"2025-05-19T16:48:05","modified_gmt":"2025-05-19T14:48:05","slug":"la-paloma-ii","status":"publish","type":"product","link":"https:\/\/triomusic.de\/en\/produkt\/la-paloma-ii","title":{"rendered":"Emmerich B\u00fcnemann &#8211; La Paloma II &#8211; <i>VERGRIFFEN \/ OUT OF STOCK<\/i>"},"content":{"rendered":"<h3>Emmerich B\u00fcnemann (*1929)<\/h3>\n<h2>La Paloma &#8211; Ausgew\u00e4hlte Salonst\u00fccke aus der guten alten Zeit, Band II<\/h2>\n<h4>f\u00fcr 2 Vl, Va, Vc, Kb, Klav (Vl 3 statt Va ad lib.)<\/h4>\n<p>&nbsp;<\/p>\n<p>Diese hier pr\u00e4sentierten Bearbeitungen &#8211; in der Satzweise eine Kreuzung aus Unterhaltungs- und Kammermusik &#8211; sollen Freude am Musizieren bereiten und ein Kennenlernen sch\u00f6ner und ber\u00fchmter Melodien vielf\u00e4ltiger Stilrichtungen in relativ einfachen Arrangements erm\u00f6glichen.<\/p>\n<p>&nbsp;<\/p>\n<p>Inhalt:<\/p>\n<ol>\n<li>Drei verliebte M\u00e4dchen (Vincente Rizzo \/ J. George Johnson)<\/li>\n<li>La Golondrina (Narciso Serradell)<\/li>\n<li>Minuetto (Luigi Boccherini)<\/li>\n<li>Rundtanz (Emmerich B\u00fcnemann)<\/li>\n<li>Wiegenlied (Franz Schubert)<\/li>\n<li>Toselli-Serenade (Enrico Toselli)<\/li>\n<li>Souvenir du Val (Jacques Offenbach)<\/li>\n<\/ol>\n<p>&nbsp;<\/p>\n<p>Schwierigkeitsgrad 4<\/p>\n","protected":false},"excerpt":{"rendered":"<p>Emmerich B\u00fcnemann (*1929) La Paloma &#8211; Ausgew\u00e4hlte Salonst\u00fccke aus der guten alten Zeit, Band II f\u00fcr 2 Vl, Va, Vc, Kb, Klav (Vl 3 statt Va ad lib.) &nbsp; Diese hier pr\u00e4sentierten Bearbeitungen &#8211; in der Satzweise eine Kreuzung aus Unterhaltungs- und Kammermusik &#8211; sollen Freude am Musizieren bereiten und ein Kennenlernen sch\u00f6ner und ber\u00fchmter [&hellip;]<\/p>\n","protected":false},"featured_media":1609,"template":"","meta":{"iawp_total_views":1},"product_brand":[],"product_cat":[778,794,764],"product_tag":[1685],"class_list":{"0":"post-1608","1":"product","2":"type-product","3":"status-publish","4":"has-post-thumbnail","6":"product_cat-5-und-mehr-instrumente","7":"product_cat-buenemann-emmerich","8":"product_cat-streicher","9":"product_tag-wird-nicht-mehr-aufgelegt","11":"first","12":"outofstock","13":"taxable","14":"shipping-taxable","15":"product-type-simple"},"_links":{"self":[{"href":"https:\/\/triomusic.de\/en\/wp-json\/wp\/v2\/product\/1608","targetHints":{"allow":["GET"]}}],"collection":[{"href":"https:\/\/triomusic.de\/en\/wp-json\/wp\/v2\/product"}],"about":[{"href":"https:\/\/triomusic.de\/en\/wp-json\/wp\/v2\/types\/product"}],"wp:featuredmedia":[{"embeddable":true,"href":"https:\/\/triomusic.de\/en\/wp-json\/wp\/v2\/media\/1609"}],"wp:attachment":[{"href":"https:\/\/triomusic.de\/en\/wp-json\/wp\/v2\/media?parent=1608"}],"wp:term":[{"taxonomy":"product_brand","embeddable":true,"href":"https:\/\/triomusic.de\/en\/wp-json\/wp\/v2\/product_brand?post=1608"},{"taxonomy":"product_cat","embeddable":true,"href":"https:\/\/triomusic.de\/en\/wp-json\/wp\/v2\/product_cat?post=1608"},{"taxonomy":"product_tag","embeddable":true,"href":"https:\/\/triomusic.de\/en\/wp-json\/wp\/v2\/product_tag?post=1608"}],"curies":[{"name":"wp","href":"https:\/\/api.w.org\/{rel}","templated":true}]}}

Emmerich Bünemann &#8211; La Paloma II &#8211; <i>VERGRIFFEN / OUT OF STOCK</i>

<h3>Emmerich Bünemann (*1929)</h3>
<h2>La Paloma &#8211; Ausgewählte Salonstücke aus der guten alten Zeit, Band II</h2>
<h4>für 2 Vl, Va, Vc, Kb, Klav (Vl 3 statt Va ad lib.)</h4>
<p>&nbsp;</p>
<p>Diese hier präsentierten Bearbeitungen &#8211; in der Satzweise eine Kreuzung aus Unterhaltungs- und Kammermusik &#8211; sollen Freude am Musizieren bereiten und ein Kennenlernen schöner und berühmter Melodien vielfältiger Stilrichtungen in relativ einfachen Arrangements ermöglichen.</p>
<p>&nbsp;</p>
<p>Inhalt:</p>
<ol>
<li>Drei verliebte Mädchen (Vincente Rizzo / J. George Johnson)</li>
<li>La Golondrina (Narciso Serradell)</li>
<li>Minuetto (Luigi Boccherini)</li>
<li>Rundtanz (Emmerich Bünemann)</li>
<li>Wiegenlied (Franz Schubert)</li>
<li>Toselli-Serenade (Enrico Toselli)</li>
<li>Souvenir du Val (Jacques Offenbach)</li>
</ol>
<p>&nbsp;</p>
<p>Schwierigkeitsgrad 4</p>

<p>Emmerich Bünemann (*1929) La Paloma &#8211; Ausgewählte Salonstücke aus der guten alten Zeit, Band II für 2 Vl, Va, Vc, Kb, Klav (Vl 3 statt Va ad lib.) &nbsp; Diese hier präsentierten Bearbeitungen &#8211; in der Satzweise eine Kreuzung aus Unterhaltungs- und Kammermusik &#8211; sollen Freude am Musizieren bereiten und ein Kennenlernen schöner und berühmter [&hellip;]</p>
